{"id":2,"date":"2020-03-24T14:30:18","date_gmt":"2020-03-24T13:30:18","guid":{"rendered":"http:\/\/lorenbar.fr\/?page_id=2"},"modified":"2025-12-15T11:20:14","modified_gmt":"2025-12-15T10:20:14","slug":"restaurant","status":"publish","type":"page","link":"https:\/\/lorenbar.fr\/index.php\/restaurant\/","title":{"rendered":"Le restaurant"},"content":{"rendered":"\t\t<div data-elementor-type=\"wp-page\" data-elementor-id=\"2\" class=\"elementor elementor-2\">\n\t\t\t\t\t\t<div class=\"elementor-inner\">\n\t\t\t\t<div class=\"elementor-section-wrap\">\n\t\t\t\t\t\t\t\t\t<section class=\"elementor-section elementor-top-section elementor-element elementor-element-1f9944a9 elementor-section-full_width elementor-section-height-default elementor-section-height-default\" data-id=\"1f9944a9\" data-element_type=\"section\">\n\t\t\t\t\t\t<div class=\"elementor-container elementor-column-gap-default\">\n\t\t\t\t\t\t\t<div class=\"elementor-row\">\n\t\t\t\t\t<div class=\"elementor-column elementor-col-100 elementor-top-column elementor-element elementor-element-58ccb00b\" data-id=\"58ccb00b\" data-element_type=\"column\">\n\t\t\t<div class=\"elementor-column-wrap elementor-element-populated\">\n\t\t\t\t\t\t\t<div class=\"elementor-widget-wrap\">\n\t\t\t\t\t\t<div class=\"elementor-element elementor-element-7fbec7d9 elementor-widget elementor-widget-text-editor\" data-id=\"7fbec7d9\" data-element_type=\"widget\" data-widget_type=\"text-editor.default\">\n\t\t\t\t<div class=\"elementor-widget-container\">\n\t\t\t\t\t\t\t\t<div class=\"elementor-text-editor elementor-clearfix\">\n\t\t\t\t<p data-start=\"113\" data-end=\"359\">D\u00e9couvrez un restaurant plein de charme, situ\u00e9 sous la galerie thermale et \u00e0 seulement 50 m\u00e8tres des Thermes de Contrex\u00e9ville. L\u2019Or en Bar vous accueille tous les jours dans une ambiance chaleureuse, id\u00e9ale pour une pause gourmande et conviviale.<\/p><h2 data-start=\"361\" data-end=\"398\"><strong data-start=\"361\" data-end=\"398\">Alliez convivialit\u00e9 &amp; d\u00e9gustation<\/strong><\/h2><p data-start=\"400\" data-end=\"655\">Laissez-vous tenter par notre carte vari\u00e9e ou optez pour nos formules <em data-start=\"470\" data-end=\"484\">menu du jour<\/em>, disponibles en version classique ou di\u00e9t\u00e9tique. Que vous soyez guid\u00e9 par vos envies ou curieux de nouvelles saveurs, vous trouverez forc\u00e9ment de quoi ravir vos papilles.<\/p><p data-start=\"400\" data-end=\"655\">Et pour encore plus de flexibilit\u00e9, vous pouvez \u00e9galement commander vos plats \u00e0 emporter.<\/p><h2 data-start=\"657\" data-end=\"692\"><strong data-start=\"657\" data-end=\"692\">Des vins s\u00e9lectionn\u00e9s avec soin<\/strong><\/h2><p data-start=\"694\" data-end=\"1041\">Pour accompagner vos repas selon vos envies, nous proposons une large gamme de vins au verre et \u00e0 la bouteille. Notre s\u00e9lection met \u00e0 l\u2019honneur les vignobles fran\u00e7ais, de la petite p\u00e9pite aux cuv\u00e9es de grands domaines, nous valorisons avant tout nos vignerons coup de c\u0153ur et leurs cr\u00e9ations uniques.<br data-start=\"927\" data-end=\"930\" \/><br \/><\/p>\t\t\t\t\t<\/div>\n\t\t\t\t\t\t<\/div>\n\t\t\t\t<\/div>\n\t\t\t\t\t\t<\/div>\n\t\t\t\t\t<\/div>\n\t\t<\/div>\n\t\t\t\t\t\t\t\t<\/div>\n\t\t\t\t\t<\/div>\n\t\t<\/section>\n\t\t\t\t\t\t\t\t\t<\/div>\n\t\t\t<\/div>\n\t\t\t\t\t<\/div>\n\t\t","protected":false},"excerpt":{"rendered":"<p>D\u00e9couvrez un restaurant plein de charme, situ\u00e9 sous la galerie thermale et \u00e0 seulement 50 m\u00e8tres des Thermes de Contrex\u00e9ville. L\u2019Or en Bar vous accueille tous les jours dans une ambiance chaleureuse, id\u00e9ale pour une pause gourmande et conviviale. Alliez convivialit\u00e9 &amp; d\u00e9gustation Laissez-vous tenter par notre carte vari\u00e9e ou optez pour nos formules menu&hellip;&nbsp;<a href=\"https:\/\/lorenbar.fr\/index.php\/restaurant\/\" class=\"\" rel=\"bookmark\">Lire la suite &raquo;<span class=\"screen-reader-text\">Le restaurant<\/span><\/a><\/p>\n","protected":false},"author":1,"featured_media":826,"parent":0,"menu_order":0,"comment_status":"closed","ping_status":"closed","template":"","meta":{"_monsterinsights_skip_tracking":false,"_monsterinsights_sitenote_active":false,"_monsterinsights_sitenote_note":"","_monsterinsights_sitenote_category":0,"_themeisle_gutenberg_block_has_review":false,"footnotes":""},"class_list":["post-2","page","type-page","status-publish","has-post-thumbnail","hentry"],"yoast_head":"<!-- This site is optimized with the Yoast SEO plugin v24.6 - https:\/\/yoast.com\/wordpress\/plugins\/seo\/ -->\n<title>Le restaurant - L&#039;Or En Bar<\/title>\n<meta name=\"robots\" content=\"index, follow, max-snippet:-1, max-image-preview:large, max-video-preview:-1\" \/>\n<link rel=\"canonical\" href=\"https:\/\/lorenbar.fr\/index.php\/restaurant\/\" \/>\n<meta property=\"og:locale\" content=\"fr_FR\" \/>\n<meta property=\"og:type\" content=\"article\" \/>\n<meta property=\"og:title\" content=\"Le restaurant - L&#039;Or En Bar\" \/>\n<meta property=\"og:description\" content=\"D\u00e9couvrez un restaurant plein de charme, situ\u00e9 sous la galerie thermale et \u00e0 seulement 50 m\u00e8tres des Thermes de Contrex\u00e9ville. L\u2019Or en Bar vous accueille tous les jours dans une ambiance chaleureuse, id\u00e9ale pour une pause gourmande et conviviale. Alliez convivialit\u00e9 &amp; d\u00e9gustation Laissez-vous tenter par notre carte vari\u00e9e ou optez pour nos formules menu&hellip;&nbsp;Lire la suite &raquo;Le restaurant\" \/>\n<meta property=\"og:url\" content=\"https:\/\/lorenbar.fr\/index.php\/restaurant\/\" \/>\n<meta property=\"og:site_name\" content=\"L&#039;Or En Bar\" \/>\n<meta property=\"article:modified_time\" content=\"2025-12-15T10:20:14+00:00\" \/>\n<meta property=\"og:image\" content=\"https:\/\/lorenbar.fr\/wp-content\/uploads\/2020\/03\/bar-406884_1920.jpg\" \/>\n\t<meta property=\"og:image:width\" content=\"1920\" \/>\n\t<meta property=\"og:image:height\" content=\"1280\" \/>\n\t<meta property=\"og:image:type\" content=\"image\/jpeg\" \/>\n<meta name=\"twitter:card\" content=\"summary_large_image\" \/>\n<meta name=\"twitter:label1\" content=\"Dur\u00e9e de lecture estim\u00e9e\" \/>\n\t<meta name=\"twitter:data1\" content=\"1 minute\" \/>\n<script type=\"application\/ld+json\" class=\"yoast-schema-graph\">{\"@context\":\"https:\/\/schema.org\",\"@graph\":[{\"@type\":\"WebPage\",\"@id\":\"https:\/\/lorenbar.fr\/index.php\/restaurant\/\",\"url\":\"https:\/\/lorenbar.fr\/index.php\/restaurant\/\",\"name\":\"Le restaurant - L&#039;Or En Bar\",\"isPartOf\":{\"@id\":\"https:\/\/lorenbar.fr\/#website\"},\"primaryImageOfPage\":{\"@id\":\"https:\/\/lorenbar.fr\/index.php\/restaurant\/#primaryimage\"},\"image\":{\"@id\":\"https:\/\/lorenbar.fr\/index.php\/restaurant\/#primaryimage\"},\"thumbnailUrl\":\"https:\/\/lorenbar.fr\/wp-content\/uploads\/2020\/03\/bar-406884_1920.jpg\",\"datePublished\":\"2020-03-24T13:30:18+00:00\",\"dateModified\":\"2025-12-15T10:20:14+00:00\",\"breadcrumb\":{\"@id\":\"https:\/\/lorenbar.fr\/index.php\/restaurant\/#breadcrumb\"},\"inLanguage\":\"fr-FR\",\"potentialAction\":[{\"@type\":\"ReadAction\",\"target\":[\"https:\/\/lorenbar.fr\/index.php\/restaurant\/\"]}]},{\"@type\":\"ImageObject\",\"inLanguage\":\"fr-FR\",\"@id\":\"https:\/\/lorenbar.fr\/index.php\/restaurant\/#primaryimage\",\"url\":\"https:\/\/lorenbar.fr\/wp-content\/uploads\/2020\/03\/bar-406884_1920.jpg\",\"contentUrl\":\"https:\/\/lorenbar.fr\/wp-content\/uploads\/2020\/03\/bar-406884_1920.jpg\",\"width\":1920,\"height\":1280},{\"@type\":\"BreadcrumbList\",\"@id\":\"https:\/\/lorenbar.fr\/index.php\/restaurant\/#breadcrumb\",\"itemListElement\":[{\"@type\":\"ListItem\",\"position\":1,\"name\":\"Accueil\",\"item\":\"https:\/\/lorenbar.fr\/\"},{\"@type\":\"ListItem\",\"position\":2,\"name\":\"Le restaurant\"}]},{\"@type\":\"WebSite\",\"@id\":\"https:\/\/lorenbar.fr\/#website\",\"url\":\"https:\/\/lorenbar.fr\/\",\"name\":\"L&#039;Or En Bar\",\"description\":\"Restaurant \u00e0 Contrex\u00e9ville, Vosges\",\"publisher\":{\"@id\":\"https:\/\/lorenbar.fr\/#organization\"},\"potentialAction\":[{\"@type\":\"SearchAction\",\"target\":{\"@type\":\"EntryPoint\",\"urlTemplate\":\"https:\/\/lorenbar.fr\/?s={search_term_string}\"},\"query-input\":{\"@type\":\"PropertyValueSpecification\",\"valueRequired\":true,\"valueName\":\"search_term_string\"}}],\"inLanguage\":\"fr-FR\"},{\"@type\":\"Organization\",\"@id\":\"https:\/\/lorenbar.fr\/#organization\",\"name\":\"L&#039;Or En Bar\",\"url\":\"https:\/\/lorenbar.fr\/\",\"logo\":{\"@type\":\"ImageObject\",\"inLanguage\":\"fr-FR\",\"@id\":\"https:\/\/lorenbar.fr\/#\/schema\/logo\/image\/\",\"url\":\"https:\/\/lorenbar.fr\/wp-content\/uploads\/2020\/04\/LOGO_LOR_EN_BAR_2022-OR-TRANSPARENT-e1764767101730.png\",\"contentUrl\":\"https:\/\/lorenbar.fr\/wp-content\/uploads\/2020\/04\/LOGO_LOR_EN_BAR_2022-OR-TRANSPARENT-e1764767101730.png\",\"width\":100,\"height\":110,\"caption\":\"L&#039;Or En Bar\"},\"image\":{\"@id\":\"https:\/\/lorenbar.fr\/#\/schema\/logo\/image\/\"}}]}<\/script>\n<!-- \/ Yoast SEO plugin. -->","yoast_head_json":{"title":"Le restaurant - L&#039;Or En Bar","robots":{"index":"index","follow":"follow","max-snippet":"max-snippet:-1","max-image-preview":"max-image-preview:large","max-video-preview":"max-video-preview:-1"},"canonical":"https:\/\/lorenbar.fr\/index.php\/restaurant\/","og_locale":"fr_FR","og_type":"article","og_title":"Le restaurant - L&#039;Or En Bar","og_description":"D\u00e9couvrez un restaurant plein de charme, situ\u00e9 sous la galerie thermale et \u00e0 seulement 50 m\u00e8tres des Thermes de Contrex\u00e9ville. L\u2019Or en Bar vous accueille tous les jours dans une ambiance chaleureuse, id\u00e9ale pour une pause gourmande et conviviale. Alliez convivialit\u00e9 &amp; d\u00e9gustation Laissez-vous tenter par notre carte vari\u00e9e ou optez pour nos formules menu&hellip;&nbsp;Lire la suite &raquo;Le restaurant","og_url":"https:\/\/lorenbar.fr\/index.php\/restaurant\/","og_site_name":"L&#039;Or En Bar","article_modified_time":"2025-12-15T10:20:14+00:00","og_image":[{"width":1920,"height":1280,"url":"https:\/\/lorenbar.fr\/wp-content\/uploads\/2020\/03\/bar-406884_1920.jpg","type":"image\/jpeg"}],"twitter_card":"summary_large_image","twitter_misc":{"Dur\u00e9e de lecture estim\u00e9e":"1 minute"},"schema":{"@context":"https:\/\/schema.org","@graph":[{"@type":"WebPage","@id":"https:\/\/lorenbar.fr\/index.php\/restaurant\/","url":"https:\/\/lorenbar.fr\/index.php\/restaurant\/","name":"Le restaurant - L&#039;Or En Bar","isPartOf":{"@id":"https:\/\/lorenbar.fr\/#website"},"primaryImageOfPage":{"@id":"https:\/\/lorenbar.fr\/index.php\/restaurant\/#primaryimage"},"image":{"@id":"https:\/\/lorenbar.fr\/index.php\/restaurant\/#primaryimage"},"thumbnailUrl":"https:\/\/lorenbar.fr\/wp-content\/uploads\/2020\/03\/bar-406884_1920.jpg","datePublished":"2020-03-24T13:30:18+00:00","dateModified":"2025-12-15T10:20:14+00:00","breadcrumb":{"@id":"https:\/\/lorenbar.fr\/index.php\/restaurant\/#breadcrumb"},"inLanguage":"fr-FR","potentialAction":[{"@type":"ReadAction","target":["https:\/\/lorenbar.fr\/index.php\/restaurant\/"]}]},{"@type":"ImageObject","inLanguage":"fr-FR","@id":"https:\/\/lorenbar.fr\/index.php\/restaurant\/#primaryimage","url":"https:\/\/lorenbar.fr\/wp-content\/uploads\/2020\/03\/bar-406884_1920.jpg","contentUrl":"https:\/\/lorenbar.fr\/wp-content\/uploads\/2020\/03\/bar-406884_1920.jpg","width":1920,"height":1280},{"@type":"BreadcrumbList","@id":"https:\/\/lorenbar.fr\/index.php\/restaurant\/#breadcrumb","itemListElement":[{"@type":"ListItem","position":1,"name":"Accueil","item":"https:\/\/lorenbar.fr\/"},{"@type":"ListItem","position":2,"name":"Le restaurant"}]},{"@type":"WebSite","@id":"https:\/\/lorenbar.fr\/#website","url":"https:\/\/lorenbar.fr\/","name":"L&#039;Or En Bar","description":"Restaurant \u00e0 Contrex\u00e9ville, Vosges","publisher":{"@id":"https:\/\/lorenbar.fr\/#organization"},"potentialAction":[{"@type":"SearchAction","target":{"@type":"EntryPoint","urlTemplate":"https:\/\/lorenbar.fr\/?s={search_term_string}"},"query-input":{"@type":"PropertyValueSpecification","valueRequired":true,"valueName":"search_term_string"}}],"inLanguage":"fr-FR"},{"@type":"Organization","@id":"https:\/\/lorenbar.fr\/#organization","name":"L&#039;Or En Bar","url":"https:\/\/lorenbar.fr\/","logo":{"@type":"ImageObject","inLanguage":"fr-FR","@id":"https:\/\/lorenbar.fr\/#\/schema\/logo\/image\/","url":"https:\/\/lorenbar.fr\/wp-content\/uploads\/2020\/04\/LOGO_LOR_EN_BAR_2022-OR-TRANSPARENT-e1764767101730.png","contentUrl":"https:\/\/lorenbar.fr\/wp-content\/uploads\/2020\/04\/LOGO_LOR_EN_BAR_2022-OR-TRANSPARENT-e1764767101730.png","width":100,"height":110,"caption":"L&#039;Or En Bar"},"image":{"@id":"https:\/\/lorenbar.fr\/#\/schema\/logo\/image\/"}}]}},"_links":{"self":[{"href":"https:\/\/lorenbar.fr\/index.php\/wp-json\/wp\/v2\/pages\/2","targetHints":{"allow":["GET"]}}],"collection":[{"href":"https:\/\/lorenbar.fr\/index.php\/wp-json\/wp\/v2\/pages"}],"about":[{"href":"https:\/\/lorenbar.fr\/index.php\/wp-json\/wp\/v2\/types\/page"}],"author":[{"embeddable":true,"href":"https:\/\/lorenbar.fr\/index.php\/wp-json\/wp\/v2\/users\/1"}],"replies":[{"embeddable":true,"href":"https:\/\/lorenbar.fr\/index.php\/wp-json\/wp\/v2\/comments?post=2"}],"version-history":[{"count":23,"href":"https:\/\/lorenbar.fr\/index.php\/wp-json\/wp\/v2\/pages\/2\/revisions"}],"predecessor-version":[{"id":2705,"href":"https:\/\/lorenbar.fr\/index.php\/wp-json\/wp\/v2\/pages\/2\/revisions\/2705"}],"wp:featuredmedia":[{"embeddable":true,"href":"https:\/\/lorenbar.fr\/index.php\/wp-json\/wp\/v2\/media\/826"}],"wp:attachment":[{"href":"https:\/\/lorenbar.fr\/index.php\/wp-json\/wp\/v2\/media?parent=2"}],"curies":[{"name":"wp","href":"https:\/\/api.w.org\/{rel}","templated":true}]}}